*3 + 2*g**2 - 1. What is l(q)?
-4
Let w be 4/(-38) + (-480)/(-228). Let n(t) be the first derivative of 4/3*t**3 - 1/4*t**4 + t**w + 5 + 7*t. Give n(5).
-8
Let o(y) be the first derivative of -y**5/10 + y**4/4 - y**3/3 + 5*y + 12. Let k(p) be the first derivative of o(p). Determine k(2).
-8
Suppose -30 = -4*m + 6. Suppose 0 = -7*n + 8*n - 1. Let t(v) = -v + 10*v**2 - n - m*v**2 - 1. What is t(3)?
4
Let v = -9 + 13. Let n be 0/(-2*v/8). Let t(g) = -2*g + 1. Let p(s) = 5*s - 2. Let z(o) = -3*p(o) - 7*t(o). Determine z(n).
-1
Let r(q) be the second derivative of q**7/840 - q**6/72 - q**5/15 + 7*q**4/24 + 5*q**3/2 + 12*q. Let i(k) be the second derivative of r(k). Calculate i(6).
-5
Let g(h) = -2*h**3 + 1. Let r be (-4 - (-9 + 4)) + 0/(-8). Determine g(r).
-1
Suppose 4*k + 128 = 4*l, -4*k + 4*l + 117 = -7*k. Let o be -1 - (-6)/21 - (-10)/k. Let g(v) = 0*v + 3*v - 4*v. What is g(o)?
1
Suppose 24 = -4*d - 3*m, 5 = d - m + 4. Let k(r) = r**2 + 3*r + 1. What is k(d)?
1
Let x(o) = o + 3. Let h(f) = f. Let y(w) = -4*h(w) + x(w). Determine y(-3).
12
Let o(r) = -2*r - 11. Let s = -49 + 89. Suppose -c = -5*a + 3*c + s, 24 = 3*a - c. Let p(y) = y + 4. Let q(b) = a*p(b) + 3*o(b). What is q(-4)?
-9
Let r(m) be the first derivative of -m**4/4 - 7*m**3/3 + 3*m**2 - 19*m - 295. Calculate r(-8).
-3
Let o be (-728)/(-140) - (-2)/(-10). Let c(h) = -29*h + 20. Let r(f) = 19*f - 13. Let m(x) = o*c(x) + 8*r(x). Determine m(3).
17
Let w(r) be the third derivative of 0*r + 0 + 1/8*r**4 - 17*r**2 - 1/3*r**3. Determine w(-2).
-8
Let y(o) = o**2 + 7*o - 8. Let m(t) be the first derivative of t**3/3 + 4*t**2 - 9*t + 5. Let k(f) = -4*m(f) + 5*y(f). Give k(-3).
-4
Let v(g) be the third derivative of 0*g - 28*g**2 + 1/4*g**4 + 5/6*g**3 + 0. Give v(-4).
-19
Let c(y) = -y + 4. Let d(u) = -1. Let s(f) = -c(f) - 5*d(f). Let i(b) = b - 10. Suppose 2*j = 5*j - 15. Let k be i(j). Calculate s(k).
-4
Let v(x) = 2*x**2 - 24*x - 1. Let k be v(12). Let s(o) = 5*o**2 + 3*o + 2. Determine s(k).
4
Let t(w) = -5*w + 27. Let k be -4 - -13 - (6 - 4). Give t(k).
-8
Let c = -4 - -8. Suppose b = -c*b + 20. Let p(x) = 6*x - 11. Let a(l) = -3*l + 6. Let s(n) = -10*a(n) - 6*p(n). What is s(b)?
-18
Let t be ((-26)/(-6))/(-4 + (-219)/(-54)). Let z = t + -78. Let b(n) = n**3 + n**2 + n - 8. Give b(z).
-8
Let c(w) = 18*w**3 + 2*w**2 + 12*w + 20. Let b(r) = 7*r**3 + r**2 + 4*r + 7. Let k(g) = 8*b(g) - 3*c(g). What is k(-3)?
-28
Suppose 2*b + b = 15. Suppose 5 = -b*h - 20. Let x(y) = -y**2 - 8*y - 10. Let c be x(h). Let m(z) = z**3 - 6*z**2 + 7*z - 2. Calculate m(c).
8
Suppose 1 - 19 = -6*w. Let x = 6 - w. Let o(m) = m**2 - 5*m. Give o(x).
-6
Let c(y) = -y**3 + 10*y**2 + 27*y - 12. Let d(h) = -2*h**3 + 21*h**2 + 57*h - 25. Let i(r) = 13*c(r) - 6*d(r). What is i(6)?
-24
Suppose -i + 3*y - 3 = -4*i, -3*i + 5*y = -27. Let s(t) = -t. Let j(g) = 7*g - 4. Let l(a) = -j(a) - 6*s(a). Calculate l(i).
0
Suppose 3*k = 3*d + 9, -5*k = -2*d + 1 - 10. Let s(u) be the third derivative of u**5/15 + u**3/6 - 22*u**2 + 2*u. Calculate s(k).
5
Let z(o) = 0*o**2 - 3 - 4*o**2 + 3*o**2 + 9*o. Let a be ((-24)/12)/(1/(-2)). Calculate z(a).
17
Let v = 12 + -7. Let z(y) be the second derivative of -y**6/720 + y**5/60 - y**4/4 + 5*y. Let n(r) be the third derivative of z(r). Calculate n(v).
-3
Suppose 17*o - 37*o + 220 = 0. Let i(v) = v - 35. Calculate i(o).
-24
Let o(q) = -7*q. Let w(m) = -37*m + 19. Let y(r) = 5*o(r) - w(r). Give y(19).
19
Let p(c) = -c - 7. Let y = 0 + -9. Let m be y - ((-28)/(-16) + (-3)/(-12)). Determine p(m).
4
Let y(s) = s**3 + 9*s**2 + 10*s + 18. Let w be y(-8). Let x(u) = -2*u**2 - u**3 + 6*u**2 - 3*u - w + 8*u. What is x(5)?
-2
Let q = -245 - -251. Let z(t) = -t**3 + 5*t**2 + 6*t + 4. What is z(q)?
4
Let f(s) = -7*s**3 - s. Suppose 7*g - 5*g - c + 7 = 0, -4*c + 16 = 4*g. Give f(g).
8
Let g = -144 + 144. Let y(x) = -x**3 + x + 2. Give y(g).
2
Let u(k) = 32 - 4*k**2 - 14 - 13 - 8 + 3*k**2. Give u(0).
-3
Let i(t) be the first derivative of -t**4/4 + 4*t**3/3 + 7*t**2/2 - 5*t + 67. What is i(5)?
5
Let o(x) = x**3 + x**2 - 11. Suppose 5*p + u = -1, -1 = 5*p - 4*u - 5. Suppose y - 11*y = p. Determine o(y).
-11
Let i(o) = 10*o + 27. Let r(z) = -3*z - 8. Let b(l) = -2*i(l) - 7*r(l). Calculate b(-1).
1
Let d(a) = 6 - 7904*a**2 - 3*a - 2 + 7908*a**2 - a**3 + 0*a**3 + 0*a**3. Suppose 0 = 3*f - 4 - 5. What is d(f)?
4
Let k(m) = m**2 - m. Let n be k(-1). Suppose 8 = r - 3*p, -p - 4*p = -n*r + 14. Let o(f) = -f + 9*f - f**3 + 4 - 9*f + 6*f**r + 3. Determine o(6).
1
Let o(n) = -n - 15. Suppose -5*y + 2*y - 4*y = 0. Give o(y).
-15
Let z(m) = 40*m**2 - 2*m**3 + 8*m**2 - 50*m**2. Determine z(-2).
8
Let f(n) = 3*n**3 - 15*n**2 + 3*n - 6. Let l be f(5). Let p(z) = -7*z - 3*z + l*z. Determine p(-1).
1
Suppose 0 = -3*b - 6 + 12. Suppose -b*r - 15 = -5. Let o(t) be the second derivative of t**5/20 + 5*t**4/12 - t**3/6 - t**2 - 14*t. What is o(r)?
3
Let u(a) = -a**3 + 2*a + 12. Let q be u(0). Let c = -11 + q. Let m(j) = -2*j - 1. What is m(c)?
-3
Suppose 3*k - 4*k + 4 = 0. Let g = k - 6. Let z(f) = -2 - 261*f**2 + 1 + f + 262*f**2. Calculate z(g).
1
Let b(h) = -h**3 - 4*h**2 + 3*h + 1. Suppose -496 = 8*f - 200. Let p = f + 33. What is b(p)?
-11
Let r(d) be the second derivative of -d**4/6 - d**2/2 + 184*d. Calculate r(-1).
-3
Let m(s) = 30*s**3 - s**2 - s. Let l = 130 - 131. Determine m(l).
-30
Let i = -61 + 62. Let p(t) = 9*t**2 + t. Give p(i).
10
Let z = -31 - -67. Suppose -z - 6 = 7*y. Let s(a) = a**2 + 4*a - 4. Calculate s(y).
8
Let m(t) = 4*t**3 - 4*t**2 - 3*t + 8. Let o(y) = -5*y**3 + 4*y**2 + 4*y - 9. Let l(w) = 6*m(w) + 5*o(w). Let p be (0 - 0)/(-3 - -4) - 3. What is l(p)?
-12
Let i(o) = -5*o**2 + 4*o + 5. Let c(l) = -4 - 8*l + 4*l + 4*l**2 + 0. Let z(f) = 6*c(f) + 5*i(f). Suppose -2*t = -7*t - 25. Calculate z(t).
-4
Let a(t) be the first derivative of t**3/3 - 4*t**2 - 6*t - 113. Determine a(7).
-13
Let o(r) = r**3 - r**2 + 7. Suppose 11 = 2*i + 11. What is o(i)?
7
Suppose -2*z + 4 = -z. Suppose -4*l - 40 = 4*r, 0 = -4*r + z*l + l - 4. Let p(u) = 854*u - 5*u**2 - u**3 + 14 - 849*u - 5. Determine p(r).
15
Let y(w) = 11*w**3 + 35*w**2 - 5*w + 9. Let a(x) = -5*x**3 - 17*x**2 + 3*x - 5. Let l(r) = -13*a(r) - 6*y(r). What is l(10)?
21
Let c(t) = 3*t + 0*t + 1619 - 1633. What is c(5)?
1
Let k(y) be the first derivative of -4*y**4 + 2*y**3/3 - y - 10. What is k(1)?
-15
Let k(p) = -3*p**2 - 4*p. Let g(s) = -56*s**2 - 77*s. Let r(c) = -4*g(c) + 77*k(c). Suppose 0 = 5*o + 2*w - 3, -4*o = -3*o - 4*w - 5. Calculate r(o).
-7
Suppose -v - t + 2 = -4, -2*t = -2*v + 12. Let d(f) be the third derivative of -f**6/120 + f**5/12 + 5*f**4/24 - f**3/6 + 969*f**2. Give d(v).
-7
Let z(h) = h**3 - 8*h**2 + 6*h + 3. Let f = -220 + 227. Give z(f).
-4
Let m(f) = -4*f**2 + 15*f + 16. Let u(k) = -3*k**2 + 16*k + 19. Let s(q) = -4*m(q) + 5*u(q). Determine s(-18).
-5
Let s(n) = 6*n + 0 + 6 + 0 - 3*n - 4. What is s(-9)?
-25
Let g(n) = n**3 + 4*n**2 + 2*n - 2. Let f(d) = -d + 20. Let a be f(18). Let v = a + -4. Determine g(v).
2
Let n(k) be the second derivative of -k**5/20 - k**4/4 + 2*k**3/3 - 5*k**2/2 + 2*k. Suppose -6*y + 104 = -32*y. Give n(y).
-5
Suppose 0 = 2*h - 5*h + 12. Let d(m) be the second derivative of m**4/12 - 2*m**3/3 + 2*m**2 + 582*m. Determine d(h).
4
Let r(z) = 2*z + 4. Let j(l) = 3*l + 5. Let d(p) = 5*j(p) - 6*r(p). Let q(w) = 6*w + 1. Let t(c) = -13*d(c) + 6*q(c). Suppose -2*y - 6 = -y. Give t(y).
11
Suppose 4*w = 2*l - 32, w - 6*w = -3*l + 43. Let o be (18/27)/(4/l). Let u(a) = 2*a**2 + 0*a**3 - 3*a**2 + a - 1 - a**3. Calculate u(o).
-2
Let j(u) = -2*u - 2. Let z = -4 + 5. Let l(a) = -3*a**2 - a + 1. Let y be l(z). Let s = y + 5. Give j(s).
-6
Suppose 4*z = 2*o, 0 = -0*o + 2*o - 3*z + 1. Let g(h) = 5*h**2 + 2. Determine g(o).
22
Let n = 583 - 578. Let r(s) be the first derivative of -s**3/3 + 2*s**2 - 7*s - 1. Give r(n).
-12
Let t(v) = v**2 - 30. Suppose 4*x + 5*i = i, -2*i - 3 = 5*x. Let k be 1 - x - 3/(9/6). Calculate t(k).
-30
Let m(j) = 6*j - 1. Let v(a) = 3 + 3*a + a + a. Let i(d) = -d + 1. Let b(u) = 6*i(u) + v(u). Let y be b(8). Calculate m(y).
5
Let j(q) = -q + 9. Suppose 68 = 11*f - 42. Calculate j(f).
-1
Let s(x) = x + 1. Suppose 2*t + d = -3, 19*d + 4 = 23*d. Calculate s(t).
-1
Let z be 0 + (-2)/(-4)*4. Let a(t) = -z